et m(d) = d**3 + 6*d**2 + 9*d + 5. Let l be m(-2). What is the remainder when 22 is divided by (l*(-15)/(-36))/((-1)/(-4))?
2
Let b(j) = j**3 - 5*j**2 - 5*j + 5. Let x be b(5). Let h = x - -29. What is the remainder when 1/3 - (-447)/h is divided by 26?
24
Let h(g) = 11*g + 5. Calculate the remainder when h(4) is divided by 14.
7
Suppose 12*o = 16*o - 4. Suppose 3*u - o = 8, 0 = 3*i + u + 9. Let z(x) = -2*x + 1. What is the remainder when z(i) is divided by 5?
4
Let a = -60 - -89. Suppose -3*k - a = 5*s, 3*s - 53 = 5*k + 18. Let g(z) = -z**3 - 14*z**2 - 13*z + 6. What is the remainder when g(k) is divided by 3?
0
Calculate the remainder when 204/(-153)*(-1 - (-62)/(-4)) is divided by -3*(0 - 24/9).
6
Let p(w) = -2*w**2 - 8*w + 610. Suppose 0 = -5*q + 123 - 48. Calculate the remainder when p(15) is divided by q.
10
Suppose 4*o + 44 = -0*o. What is the remainder when (o - -8)*-1*1 is divided by 1 + (-2)/(-1) + -2?
0
Suppose 91*j - 42 = 84*j. Let m(d) = d**3 - 8*d**2 + 15*d - 7. Calculate the remainder when m(j) is divided by 6.
5
Let p be ((-52)/9)/((-6)/27). Let g(i) = -i**3 + 24*i**2 + 53*i - 6. Let b = 43 + -4. Calculate the remainder when b is divided by g(p).
19
Let p be ((-3)/9)/((-1)/(-27)). Calculate the remainder when 14*1 - (p - -5) is divided by 7.
4
Let u(x) = 189*x - 90. What is the remainder when u(6) is divided by 19?
18
Let m = -43 + 46. Let z = -6 - -15. What is the remainder when z is divided by (m/(-9)*-5)/(5/15)?
4
Let d(i) = -i + 3. Let u be d(5). Let r = -7 - -33. What is the remainder when r is divided by ((-9)/u)/((-3)/(-6))?
8
Let a = 20 + 64. What is the remainder when a is divided by 37 - (-24 - -39)*1?
18
Suppose 3*j + 4*n - 165 = 2*j, j = -n + 159. What is the remainder when j is divided by 7?
3
Let l(r) = 39*r**2 + 1. Let f be l(-1). Suppose 6*g - f = g. What is the remainder when 93/3 + 0/(-3) is divided by g?
7
Let r = -29 + 34. Suppose -45 = -r*s + 10. What is the remainder when 40 is divided by s?
7
What is the remainder when 23 is divided by (3 - -14 - 2) + -7 + 9?
6
Let v(f) = 21*f + 163. Calculate the remainder when v(25) is divided by 99.
94
Let p(t) = 7*t**3 + t**2 - 2. Suppose 14*y - 3003 = 11*y - 10*y. What is the remainder when y is divided by p(2)?
57
Suppose -5*k = -3*k - 170. Suppose -f + k + 0 = 0. Calculate the remainder when f is divided by 30.
25
Let w(d) = d**3 - 19*d**2 + 20*d - 28. Let z be w(18). Suppose -17 = -z*q + 7*q. What is the remainder when 150 is divided by q?
14
Let f = 0 - -12. What is the remainder when 45 is divided by 16/(-6)*(-27)/f*2?
9
Let w(x) = -x**3 - 19*x**2 - 4*x - 67. Calculate the remainder when 16 is divided by w(-19).
7
Let q be 3/(2/(-3) + (-51)/(-36)). Suppose q*g + g = 350. What is the remainder when g is divided by 18?
16
Let j = -136 + 140. What is the remainder when 30 is divided by j?
2
Let w(d) = -d**3 + 3*d**2 - 2*d - 2. Let p be w(2). Calculate the remainder when 22 + 0 + p + -1 is divided by 2*(-13)/(-2) + (-15 + 5 - -8).
8
Suppose 6 = -n + 3*r, 3*n - 2*n = r + 4. Let v = -9 + n. Suppose 4*l - a - 1 - 54 = v, -35 = -2*l + 3*a. What is the remainder when 37 is divided by l?
11
Let x(i) = i**2 + 8*i + 9. Calculate the remainder when x(-20) is divided by 12.
9
Let q be -1*(2 - (-2 - -4)) + 0. Suppose q = -f + 22. What is the remainder when 41 is divided by f?
19
Let u(y) = 30 - 2*y - y - 4*y + 3*y. Calculate the remainder when 89 is divided by u(0).
29
What is the remainder when ((-76)/5*-1)/((-58)/(-145)) is divided by 8?
6
Suppose c = 2*c + 5, 4*a - 33 = -3*c. What is the remainder when 20 is divided by a?
8
Suppose -3*s - 4*w + 69 = 0, 3*w - 5*w = 6. Suppose z = 3*z - 110. Suppose 5*h - t - z = 15, -2*t = -5*h + 65. Calculate the remainder when s is divided by h.
12
Suppose 3*x + k - 4*k - 45 = 0, 3*k = -15. Suppose 5*s + x - 110 = 0. What is the remainder when s is divided by 8?
4
Let t be (4/6)/((-2)/(-9)). Suppose -f + 5*i = -85, 4*i - 42 + 253 = t*f. What is the remainder when f is divided by 17?
14
Suppose 0 = -8*j + 3*j + 50. Let t(q) = -18*q - 7. Calculate the remainder when t(-2) is divided by j.
9
Let g(q) = -249*q - 316. Calculate the remainder when g(-3) is divided by 6.
5
Let b be -2 - (8 + -1) - 0. Let g(q) = -q**3 - 10*q**2 - 12*q - 8. Suppose 0 = 5*l - k - 182, -2 - 7 = -3*k. What is the remainder when l is divided by g(b)?
18
What is the remainder when 134 is divided by ((-54)/5)/(4/(-10))?
26
Let i = -13 + 17. Suppose -i*l = -2*n + 76, 4*l + 122 = 3*n + 2*l. Let h(w) = w**2 + w - 1. Calculate the remainder when n is divided by h(-4).
9
Suppose 4*q - 9 - 3 = 0. Suppose -81 = -q*m - 27. Calculate the remainder when m is divided by 8.
2
Let j be (-40)/(-3) - (-2)/3. Suppose 0*g - j = -2*g. What is the remainder when (-1649)/(-68) - (5/20 + -1) is divided by g?
4
Suppose 0 = -m - 0*m + 28. Suppose -2*x = 34 - 4. Let s = x + 23. Calculate the remainder when m is divided by s.
4
Let x = 186 + -67. Let u be (-2)/3 + (-11)/(-3). Let i(z) = 11*z - 3. What is the remainder when x is divided by i(u)?
29
Let l = -4 - -4. Calculate the remainder when 27 is divided by 1*((-3 - l) + 10).
6
Let h = 11 + -4. Let p = 11 + h. Suppose 2*t = -2*l + 14, 2*t = -l + 6 + 11. Calculate the remainder when p is divided by t.
8
Let u = 0 + 4. Let h(p) = p**3 + p**2 + 8*p + 3. Let i be h(3). Suppose 8*n - i = -15. What is the remainder when n is divided by u?
2
Suppose -5*i + 16 + 54 = 0. Suppose -i + 50 = 3*m. Let u = 21 + -16. Calculate the remainder when m is divided by u.
2
Let u(y) = 28 - 1 + 16*y - 9 + y**2. What is the remainder when u(-20) is divided by 50?
48
Let s(t) = -t**2 + 21*t + 25. Let i be s(22). Suppose r + 10 = 5*f, -85 = -5*r + f - i*f. Calculate the remainder when 88 is divided by r.
13
Calculate the remainder when ((-404)/5)/(((-154)/(-55))/(-7)) is divided by 34.
32
Let y = -53 + 78. Suppose 40*s - 30 = 210. What is the remainder when y is divided by s?
1
Let b(n) = 33*n**2 + 34*n - 108. What is the remainder when b(3) is divided by 74?
69
Let u = 13 + 16. Suppose 0 = 4*q + 4*t + 38 - 374, 4*q - 4*t - 296 = 0. Suppose q*x - 430 = 74*x. Calculate the remainder when x is divided by u.
28
Suppose 111 = 3*t - 18. What is the remainder when 169 is divided by t?
40
Let c(v) = v**3 - 4*v**2 + 5*v - 4. Suppose -4*p - 2*z + 24 = -54, -3*p + 4*z = -20. Calculate the remainder when c(5) is divided by p.
14
Suppose -3 = -10*c + 9*c. Suppose 29 = 3*g - 40. What is the remainder when g is divided by c?
2
Let j be (1 + (-7)/4)*-4. Let s be 1 + (-2 - (4 - 8)). Suppose -y - 22 = -2*p, y - 32 = -s*p + j*y. Calculate the remainder when 47 is divided by p.
11
Let x = 29 + -11. Let t = 103 - 48. Suppose -t*o + 50*o + 350 = 0. What is the remainder when o is divided by x?
16
Suppose -153 = -2*r - 7. Suppose 32 = 4*g - 5*n - 38, 5*g + n - r = 0. What is the remainder when g is divided by 10?
5
Calculate the remainder when 4/6*5*(-18579)/(-110) is divided by 4.
3
Let u(r) = 8*r**2 - 3*r + 2. Let a be u(2). Let v(l) = -l**2 - 5*l + 15. Let j be v(-7). Calculate the remainder when 18 is divided by (j + -2)/((-4)/a).
4
Let w = 106 - 102. What is the remainder when 13 is divided by w?
1
Let z be 589/76 - 1*(-2)/8. Let b(j) = -j**3 + 9*j**2 - j - 2. Calculate the remainder when b(z) is divided by 15.
9
Let q(s) = -7*s - 6. Let n(x) = -8*x - 6. Let g(c) = 6*n(c) - 7*q(c). Let a(p) = 2*p**2 + 20. Calculate the remainder when a(-3) is divided by g(7).
12
Let x = -96 - -109. Let l be 1 + (-1 - (-2)/1). Suppose -1 = -l*m + 9. What is the remainder when x is divided by m?
3
Let f(x) = -155*x + 439. What is the remainder when f(-6) is divided by 49?
46
Let i(y) = -4*y - 18 + 11 + 6 - y. Calculate the remainder when 98 is divided by i(-2).
8
Let n = -970 - -1210. Calculate the remainder when n is divided by 77.
9
What is the remainder when (-34)/((-1)/2*(9 - 5)) is divided by (20/4)/((-2)/(-6))?
2
Let i = 5 - 5. Suppose -13*n + 8*n - 275 = i. Let u = -17 - n. What is the remainder when u is divided by 20?
18
Calculate the remainder when 128 is divided by 1/((-9)/22 - (-3)/6).
7
Suppose 63*c + 32*c = 2090. What is the remainder when 133 is divided by c?
1
Let u be (-5 - (-114)/21)/((-1)/(-7)). Calculate the remainder when 98 is divided by (0 + 0 - u) + 196/7.
23
What is the remai